8/306 - (2 - (-68)/(-18))). Let b(i) = -i**3 - 15*i**2 - 18*i - 47. Give b(w).
9
Let i(z) = z**3. Let k be (20/(-12))/(6/(-18)). Suppose 2*j - 10 = -9*w + 6*w, 0 = -3*w - k*j + 25. What is i(w)?
0
Let u(j) be the third derivative of -j**5/20 - j**4/24 - 2*j**3/3 - 1582*j**2. Determine u(-2).
-14
Let w(a) = -5*a + 640. Let f(p) = -92. Let l(i) = -6*f(i) - w(i). Give l(12).
-28
Let i be 1*8 - 2288/176. Let f(u) = -u**2 - 8*u - 19. Give f(i).
-4
Let r = 2 - 0. Let j(v) = 5*v - 5. Let u(y) = y - 1. Let g(t) = -2*t**3 - t**2 - t - 6. Let w be g(0). Let p(d) = w*u(d) + j(d). Determine p(r).
-1
Let h(s) = -338*s**2 - 1 - 339*s**2 - 15*s + 670*s**2 - 8*s. Determine h(-3).
5
Let u be (-1 - (-1 + -10))*10/(-25). Let r(m) = -2*m**3 - 9*m**2 - 3*m + 4. What is r(u)?
0
Let q be (15/(-50))/((-24)/20). Let c(s) be the first derivative of 2*s**3 - 5*s + 26 - q*s**4 - 5/2*s**2. Calculate c(5).
-5
Suppose 12 = 5*g - g. Suppose 0*y + 2*v = -g*y + 4, -4*y + 3 = 5*v. Let a(u) = -14*u + 3 - y - 7*u + u**2 + 18*u. Calculate a(3).
1
Let r(s) = s + 8. Let a = 32 - 16. Suppose 4*u + 20 = a. Let o be r(u). Let x(z) = -z - 1. Give x(o).
-8
Let w(t) be the second derivative of 1/24*t**4 + t + 0*t**5 + 7/360*t**6 + 0 - 29/6*t**3 + 0*t**2. Let n(a) be the second derivative of w(a). What is n(-1)?
8
Let i be 6 + (-3)/((-15)/(-20)). Suppose -i*f - 17*f = -38. Let u(o) = o**3 - o**2 - 2*o. Give u(f).
0
Let b(x) = -7*x**2 - 7*x - 66. Let q(g) be the second derivative of g**4/4 + g**3/2 + 16*g**2 + 153*g. Let n(i) = -2*b(i) - 5*q(i). Calculate n(0).
-28
Let c = 2908 - 2912. Let f(k) = 3*k**2 + 4*k + 22. What is f(c)?
54
Suppose 0*b + 8 = 3*u + b, -2*b = 2. Suppose -4*q - 2*z = 30, 4*q - 5*q - u*z = 20. Let l(i) = i - i**2 + 549 - 3*i - 550. Calculate l(q).
-16
Let t(c) = -c**3 - 3*c**2 + 9*c + 6. Let h be 465/(-2325) - 48/10. Give t(h).
11
Let h(z) = z**2 + 13*z - 5. Let i(c) = -c**2 - 14*c + 5. Let o be 2/4 - (-9)/2. Let m = 18053 + -18047. Let f(k) = m*h(k) + o*i(k). Give f(-6).
-17
Let f = 16 - 9. Let t(b) = -5*b**3 + 4*b**2 + b - 5. Let x(c) = -6*c**3 + 5*c**2 + c - 6. Let j(z) = f*t(z) - 6*x(z). Let u = -8064 - -8066. Calculate j(u).
3
Let u(m) = -m**2 - 8*m - 8. Suppose 230 = -35*f + 40*f. Let p be 2/(-23) + (-364)/f. Give u(p).
-8
Let t(y) = 13 - 6*y**2 + 13 + y**3 - 8*y - y**2 - 30 + 13. Determine t(6).
-75
Suppose 883 = -62*r - 60*r - 1313. Let l(h) = -6*h + 4. What is l(r)?
112
Suppose 4*h - 9 = m, -3 = -4*m - 2*h + 15. Let v(z) = -2*z - 401*z**3 + 802*z**3 - 3*z**2 - 402*z**m. Determine v(-2).
0
Let j(m) be the third derivative of -m**9/30240 - m**7/2520 - m**6/360 + 47*m**5/60 + 12*m**2. Let c(q) be the third derivative of j(q). Calculate c(-2).
18
Let p(y) = 9*y**3 - 18*y**2 + 34*y + 13. Let s(i) = -20*i**3 + 34*i**2 - 70*i - 25. Let a(x) = -9*p(x) - 4*s(x). Give a(25).
-42
Suppose 0 = -5*n + 25. Suppose -2*r - n - 5 = 0. Let a(o) = -2*o + 2 + 8*o + 1 - 5*o + 2. Calculate a(r).
0
Let w(t) be the second derivative of -3*t**3/2 - 5*t**2/2 + 220*t. Give w(-10).
85
Let h(x) = x**3 - 2*x**2 + 1. Suppose 168 = -0*p + 5*p - 4*d, -2*p + d + 66 = 0. Let b = p - 31. Give h(b).
0
Let m = 1 - -1. Let n(x) = 2*x**m + 2*x**2 + 2*x**2 + x - 1 + x**2. Let g be (-72)/48*(-4)/(-3). Determine n(g).
25
Let h(a) = -22*a + 625. Let r(q) = -33*q + 924. Let y(g) = -7*h(g) + 5*r(g). What is y(22)?
3
Suppose j - 2 - 1 = -c, 0 = -j + 4*c - 12. Let p(o) = -o**3 + o**2 + o + 20. Determine p(j).
20
Suppose -d = 38*d - 5499. Suppose 9 = 142*q - d*q. Let s(m) be the second derivative of m**4/12 - 7*m**3/6 - 7*m**2/2 + m. Calculate s(q).
11
Let d(n) = -n - 6. Let a be (-10)/(-2 - (-72)/38). Let i = -60 + a. Suppose 4*h - 5*q = -i, 2*h + q - 5 = -4*q. What is d(h)?
-1
Suppose -18 - 14 = -16*f. Let p(k) = -9*k + 2*k + f + 3*k + 7*k. Calculate p(-2).
-4
Suppose 4*a = -5 + 29. Let c(u) = 10*u**2 + 5*u**3 - 5 - 5*u**2 + u**2 - 4*u - 6*u**3. Calculate c(a).
-29
Let l(t) = 33*t - 5. Let s(u) = 423 - 426 - 5*u + 24*u. Let d(n) = -4*l(n) + 7*s(n). Calculate d(-1).
-2
Let t(w) = w**3 - 7*w**2 - 15*w - 31. Let y = 6928 - 6919. Give t(y).
-4
Let d(i) = 2*i**2 - 9*i + 11. Let n be d(5). Let o(l) = -37 + n*l - l**2 + 35 - 11*l. Give o(6).
-8
Let j(z) = -3*z**2 - 2 + z**3 + 7*z**2 - 2. Let o = -31233 - -31230. What is j(o)?
5
Suppose 1029*d - 1018*d = 88. Let w(j) = 2*j**2 - 14*j - 1. What is w(d)?
15
Let m(z) be the third derivative of -z**6/40 + z**4/8 - z**3/6 - 53*z**2 + 1. Suppose -7*i - 20 = -34. Give m(i).
-19
Let w(g) = -2*g**2 - 61*g + 30. Let x(l) = l**2 + 6*l - 2. Let p(n) = -w(n) - 4*x(n). Calculate p(18).
-4
Let q be -3 + -3 + 5 + -4 + -1. Let y(k) = -2*k - 5. Let u be y(-4). Let b(n) = -3*n + 4*n - 2*n - u. Calculate b(q).
3
Let t(a) be the second derivative of -a**2 + 1 - 1/12*a**4 + 0*a**3 + 3*a. Determine t(3).
-11
Let i(h) = -3*h**2 + 3. Let b be i(3). Let z = -846 - -797. Let j be (b/(-14))/(((-126)/z)/9). Let y(d) = -d**2 + 5*d + 6. What is y(j)?
0
Let o(g) = -g**2 + g - 1. Suppose -2*w + 25 - 17 = 0. Let s be w/3 + 8/36*12. Determine o(s).
-13
Let k(f) = f - 27. Let c(n) = 14*n - 343. Let q(m) = -c(m) + 13*k(m). Give q(24).
-32
Let p(y) = 28*y**2 - 3*y - 2. Let o(j) = 13*j - 378. Let g be o(29). What is p(g)?
29
Let w(r) be the second derivative of -1/4*r**4 + 4 + 1/6*r**3 + r**2 - r. What is w(2)?
-8
Suppose -2*x - 54 - 42 = 4*q, 4 = -x. Suppose -p + 36 = -3*p. Let t = q - p. Let a(h) = 2*h + 1. What is a(t)?
-7
Let m(b) be the first derivative of 9*b**2/2 + 9*b + 1401. Calculate m(3).
36
Let x(u) be the second derivative of -u**3 + 5*u**2/2 - 50*u + 3. Give x(1).
-1
Suppose 22*t + 555 = 17*t. Let j = 104 + t. Let d(r) = -r**3 - 8*r**2 - 4*r + 2. Calculate d(j).
-19
Let l(v) = -6*v**3 - 3*v**2 + 5*v - 21. Let y(c) = 5*c**3 + 21 - 1 + 4*c**2 + 428*c + 0 - 431*c. Let s(a) = 6*l(a) + 7*y(a). What is s(11)?
-8
Let d(v) = 142*v + 4357. Let r be d(-31). Let h(i) = 2*i**3 + 91*i**2 + 47*i + 88. Determine h(r).
-2
Suppose -2*r - 4 + 14 = 0. Let i be r/(3 - 8) + 3. Let m(b) = -b**2 + 939 - 2*b**i + 0*b**2 - 936 - b**3 + 5*b. Give m(-4).
-1
Let k be (-10)/(-2)*(-21 - -20). Let j be 3/((-2)/10*k). Let x(i) be the third derivative of -7*i**4/24 - i**3/6 + 22*i**2. Calculate x(j).
-22
Let y(f) be the third derivative of -f**5/60 - 5*f**4/24 - f**3/2 - 852*f**2. Calculate y(-9).
-39
Let v(s) be the second derivative of -1/6*s**3 + 0 - 14*s - 5/2*s**2. Let r be 58/12 - (-10)/60. Calculate v(r).
-10
Let s(m) = -4*m**3 + 2*m**2 - 13*m - 6. Let x be (-43)/7 + 8/56. Let r(w) = 5*w**3 - w**2 + 16*w + 6. Let d(c) = x*s(c) - 5*r(c). Give d(-7).
20
Let k(p) = 20 - 8*p + 13*p + 6*p. Determine k(-3).
-13
Let f(t) = -17*t. Let h(m) = 145*m + 122. Let g(w) = 5*f(w) + h(w). Give g(-2).
2
Let m(w) be the third derivative of -7/3*w**3 - 200*w**2 - 1/6*w**4 + 0 + 0*w. Calculate m(-4).
2
Let k = -163 - -173. Let i(n) = 29*n - 1 - k*n - 8*n - 15*n. Give i(6).
-25
Let v(w) be the second derivative of 17*w**3/6 + 3*w**2 - 6852*w. Determine v(0).
6
Let i(m) = -m**3 + 6*m**2 - m + 1. Let y(z) = 2*z + 69. Let v be y(-34). Let x(p) = 2*p**3 - 25*p**2 - 3*p - 3. Let t(o) = v*x(o) + 3*i(o). Give t(-7).
42
Let a(z) be the third derivative of 4*z**2 + 0 + 0*z + 0*z**4 + 19/6*z**3 + 3/20*z**5. Let l(b) be the first derivative of a(b). Determine l(1).
18
Suppose 475*r - 18 = 484*r. Let d be 0 + (-35)/(-7) - (-2)/r. Let a(h) = -h**3 + 6*h**2 - 4*h - 3. Give a(d).
13
Let z(l) = 4*l + 3. Let a be (20/60)/((-57)/(-27) + -2). Suppose 3*f - 3*u + a = 0, 5*u - 24 + 3 = f. What is z(f)?
19
Let l(k) be the third derivative of 1/24*k**4 - k**3 + 0 + 3*k**2 - 81*k. Let s(a) = a**2 - 5*a + 7. Let r be s(5). What is l(r)?
1
Let k(n) be the first derivative of 2*n**3 + 369. Suppose 5*r = 2*t - 16 - 4, 3*t - 9 = -3*r. Calculate k(r).
24
Let u(r) = -2 - 2 + 22262*r + 22263*r + 2*r**2 - 44568*r + 0*r**2. Calculate u(21).
-25
Let c(u) = u**3 - 4*u**2 - u + 5. Suppose 19*d + 21 = 12*d. Let r be -6*d/(3/4). Suppose -3*m - r = -3*i, 0*m + 16 = 5*i + m. Give c(i).
1
Let s = -29512 + 29513. Let p(x) = -6*x**2 + 3*x. What is p(s)?
-3
Let r(m) = -2937*m**2 + 2938*m**2 + 6*m - 10*m + 8. Let d be 115/35 - (-2)/(-7). Let j be r(d). Let a(l) = l**2 - 4*l - 1. What is a(j)?
4
Let t(j) be the second derivative of -j**4/12 + 2*j**3 + 15*j**2/2 - 20*j - 28. Calcu